- 32 = 38. Let g be f(z). Suppose g*d - 18 = 15. What is the tens digit of d?
1
Suppose 42*p + 48*p = 1115640. What is the hundreds digit of p?
3
Let c(m) = 13*m**2 + 3*m + 4. Let l be c(-29). Suppose -13*k - k = -l. What is the tens digit of k?
7
Let t(j) = 4*j**2 + 16*j - 2. Let w be t(-5). What is the hundreds digit of (w + 2)/(11/517)?
9
Let r = 2336 + -1090. Suppose -29*s = -24*s. Suppose 10*y - r - 4 = s. What is the hundreds digit of y?
1
Let v = -636 + 641. Let y = -27 + 9. Let q = v - y. What is the units digit of q?
3
Let w(r) = -r**3 + 8*r**2 + 17*r - 14. What is the thousands digit of w(-12)?
2
Suppose 7*j = 6033 + 11054. What is the tens digit of j?
4
Suppose 17953 = 5*n + 2*l, 2*l = -747*n + 750*n - 10759. What is the tens digit of n?
8
Suppose -2021695 = 21*n - 88*n + 3171475. What is the units digit of n?
0
Let x(i) = i**2 - 11*i - 22. Let f be x(12). What is the units digit of f + 4 - (-1 - 312)?
7
Suppose 70540 = 12*w - 10756 - 87100. What is the ten thousands digit of w?
1
Let w(s) = s**2 - 22*s + 87. Let v be w(28). Let o = v + -7. What is the units digit of o?
8
Let r(g) = 3*g**2 + 7*g + 2. Let a(d) = -d**2 - 5*d - 10. Let c be a(-4). Let t be r(c). What is the tens digit of -1*(4 + -1) + t?
6
Suppose -18*a + 7*a - 18*a + 370968 = 0. What is the units digit of a?
2
Suppose -4*m = 4*r + 44, -2*r + r - 5*m = 19. Let t be (-24)/2*(63/r - -6). Suppose -4*v = -t - 88. What is the units digit of v?
5
Let i = 11 - -237. Let q be (230/(-23))/(i/(-246) - -1). What is the tens digit of (q/(-40))/(3/(-8))?
8
Suppose l = -107 + 101. What is the tens digit of (1 + l - -2) + 86?
8
Suppose 20 = -5*s + 5, -g - 4*s = -14923. What is the ten thousands digit of g?
1
Let k(z) = 2*z**2 - 27*z + 50. Let h be k(2). What is the tens digit of -1263*h/(-24)*2?
2
Let q = -597 - -954. Suppose -248*z = -251*z + q. What is the hundreds digit of z?
1
Suppose -y = 4*n - 73861, 5*y - 105*n = -106*n + 369457. What is the thousands digit of y?
3
Let c(j) = 5*j**2 - 5*j - 9. Let b(y) = 6*y**2 - 6*y - 11. Let u(a) = -3*b(a) + 4*c(a). Let o = -15 - -11. What is the tens digit of u(o)?
3
Let h(g) = 2*g + 2. Let q(k) = 2*k + 2. Let j(p) = -5*h(p) + 4*q(p). Let b be j(-2). What is the units digit of (-11 - -5) + 21 + (b - 0)?
7
Let n = 2732 + 2367. What is the hundreds digit of n?
0
Suppose -151*h + 1830941 = 71*h - 1744813. What is the units digit of h?
7
Let x be (-29)/(-4) + (-8)/32. Suppose -x*l = 137 + 3. What is the units digit of (365/l - -3)*-8?
2
Suppose 0 = 3*v - 0*v - 4*n - 93, 2*v - 3*n - 62 = 0. Let w = -35 + v. What is the hundreds digit of (-302 - -2)*w/8*1?
1
Let a(d) = d**3 + 5*d**2 + 13*d + 72. What is the thousands digit of a(16)?
5
Let z(d) = 601*d - 434. What is the thousands digit of z(7)?
3
Suppose 4*y = -2*m + 6022, -7340 = -5*m - y + 7706. What is the units digit of m?
9
Suppose -21*h - 23*h = -1197812. What is the thousands digit of h?
7
Let c(s) = 13*s**3 + 3*s**2 + 2*s - 20. What is the tens digit of c(2)?
0
Let r(j) = -2*j**2 + 3*j + 15. Let s be r(-14). What is the hundreds digit of s/(-1)*(2 - 1)?
4
Suppose -3*n = 2*b - 0*b + 11, -b - 5*n = 23. Suppose 399 = 2*a + 3*r, b*a - 77 = 4*r + 287. What is the hundreds digit of a?
1
What is the units digit of (3*6/36*-107792)/(25 - 27)?
8
Suppose 3*c = 5*h - 66414, h - 18*c = -12*c + 13245. What is the tens digit of h?
8
Suppose -11 = 9*t - 119. Suppose 1370 = t*y - 7*y. What is the hundreds digit of y?
2
Suppose 688*l = 709*l - 1533. What is the tens digit of l?
7
Let g = 4102 + -2407. Suppose -3*q + g = -516. What is the units digit of q?
7
What is the thousands digit of ((-736749)/18)/((-15)/10)?
7
Suppose 31*t = 14*t + 9010. Suppose -8*g + 3*g + t = 0. What is the hundreds digit of g?
1
Let b(m) = -m**3 - 16*m**2 - 122*m - 90. What is the tens digit of b(-16)?
6
Suppose 5*x - 105 = 2*q + 3*q, 3*x = 4*q + 64. Let z = 34 - -1. What is the tens digit of z*(72/x + -3)?
2
Let h(v) = 64*v**2 - 19. Let d be h(-3). Let a = d - 396. What is the units digit of a?
1
Let s(k) = -712*k - 3144. What is the thousands digit of s(-20)?
1
Let a be ((-1742)/(-8))/(3*1/(-12)). Let r = a + 1274. What is the tens digit of r?
0
Suppose 0 = 2*f + 3*t - 7*t - 12, 4*f - 3*t = 9. Suppose f = v - 341 - 90. Let h = 620 - v. What is the units digit of h?
9
What is the thousands digit of (315/14)/(-9)*-934?
2
Let y be (6/(-1))/(-2) - (10 + -2). Let m be 0 + 0 - -1*(-15)/y. Suppose -w = -2*r + m*w + 348, -2*w - 350 = -2*r. What is the units digit of r?
6
Suppose -4*u + 9 + 3 = 0. Let f be 1*(41 + (3 - (u + -2))). Let s = f + -4. What is the tens digit of s?
3
Let x(t) = 1152*t - 29. What is the hundreds digit of x(11)?
6
Let v(o) be the second derivative of 85*o**4/12 - o**3/3 - 3*o**2 + 4*o. Let z be v(-2). Suppose 0 = 3*f - z - 106. What is the units digit of f?
8
Let w(c) = -c**2 + 17*c + 310. Let f be w(28). Let q be 4/(-14) - (-480)/14. Suppose f*j - 336 - q = 0. What is the tens digit of j?
8
Suppose -2*c + 0*c = -f - 329, 4*f = -20. Let g(v) = -54*v + 5. Let d be g(2). Let k = c + d. What is the tens digit of k?
5
Let t(r) = 73*r**2 + 20*r - 58. What is the units digit of t(9)?
5
Suppose -5*i - p = -0*p - 448, -2*i - 4*p + 172 = 0. What is the tens digit of (-1048)/(-18) - 20/i?
5
Let v = -28 + 22. Let s be 16/v*(-24)/16. Let o = s + 73. What is the tens digit of o?
7
Let o = 44 + -37. Let a(d) = d**3 - 7*d**2 - d + 8. Let y be a(o). Suppose -5*u = 4*t - 117, -4*u + y - 4 = -t. What is the units digit of t?
3
Let d(a) = a**2 - 13*a - 10. Let c be d(14). Suppose c*t - 2119 = -767. What is the units digit of t?
8
Suppose -12*f + 33*f = 1911. Suppose -2*h + 215 = f. What is the units digit of h?
2
Let i = 19398 + -5506. What is the thousands digit of i?
3
Let d(f) = 19*f**2 + 184*f - 158. What is the hundreds digit of d(-43)?
0
Let c be (-4)/(-10) + 7 + (-124)/10. Let m be (1 + c)*(23 - 24). Suppose -b = m*a - 147, 394 = 4*b + 4*a - 194. What is the tens digit of b?
4
Let k = 32197 + -31719. What is the units digit of k?
8
Suppose 3*d - 15 = 0, 6*d - 4*d - 90335 = -5*g. What is the units digit of g?
5
Suppose 50 = -5*l + 5. Let w(g) = 20*g + 5. Let s be w(l). Let o = s + 342. What is the units digit of o?
7
Suppose -48*w + 21935 + 42517 = -25260. What is the hundreds digit of w?
8
Suppose -18*v + 71 + 1 = 0. Suppose -v*r + 3689 = -3*i, 4*r = -5*i + 679 + 2986. What is the units digit of r?
0
Suppose 5*s = j + 6*s - 8776, 0 = -2*j - 4*s + 17560. What is the tens digit of j?
7
Let s = 28457 - -10353. What is the hundreds digit of s?
8
Suppose m = -4*b + 37217, -2*m + 99436 = 2*b + 25002. What is the ten thousands digit of m?
3
Let o(z) = -z**3 + 5*z**2 - 5*z. Let q be o(2). Suppose 4*v = 3*u - 8*u - 17, q*u - 5*v = -20. Let r(m) = -15*m + 11. What is the units digit of r(u)?
6
Let z be (3/(-9))/(-4 - (-92)/24). Suppose 2*c + z*c - 875 = 3*x, -2*x + 870 = 4*c. What is the hundreds digit of c?
2
Suppose -2088 = -66*x + 60*x. Let t = 905 + x. What is the tens digit of t?
5
Let y(t) = 12*t - 5*t + 8*t. Let r(x) = 7*x. Let k(q) = 5*r(q) - 2*y(q). What is the units digit of k(3)?
5
Let n(b) = -1 + 438*b**2 - 442*b**2 - 9*b + 2 + b**3. What is the hundreds digit of n(9)?
3
Suppose -4*c - 5*g - 2 = 0, g - 7 = -9. Suppose 1884 = 6*s - c*s. What is the tens digit of s?
7
Let v = 4116 + 1003. What is the tens digit of v?
1
Let z(k) = -7*k + 174. Let b be z(24). Suppose b*r - 56 = 58. What is the tens digit of r?
1
Let f(v) = 1482*v**2 - 7*v - 4. Let n be f(2). Suppose 2*r + n = 12*r. What is the units digit of r?
1
Let x(o) = 2*o + 30. Let r be x(-14). Suppose -8 = r*z - 6*z. Suppose -480 = -4*t - z*t. What is the tens digit of t?
8
What is the thousands digit of -15 + 4802 + 17 + -5?
4
Suppose 5*g + 46 = -0*a + a, -3*a = -5*g - 88. What is the hundreds digit of (-10)/(-6) - 2 - (-7000)/a?
3
Let s(n) be the first derivative of n**2/2 - 66*n - 32. Let r be s(0). What is the units digit of (7/(-2) - -3)*r?
3
Let a = -8959 - -26522. What is the units digit of a?
3
Let x(c) = 2*c**3 + 7*c**2 + 19*c + 31. Let h be x(-7). Let q = h + 1149. What is the tens digit of q?
0
Let x = 177 + 16. Suppose x = 3*p - 389. What is the tens digit of p?
9
Let w(o) = 5*o**3 + 5*o**2 - 7*o + 1. Let v(j) = 5*j - 3*j**2 - 5 + 4 + 6*j**3 - 9*j**3.